89
Calculate the remainder when 451511 is divided by 293.
291
Calculate the remainder when 45340018 is divided by 17.
15
What is the remainder when 438856 is divided by 1338?
1330
What is the remainder when 3295941 is divided by 6?
3
Calculate the remainder when 11254270 is divided by 321.
10
What is the remainder when 441863 is divided by 147051?
710
Calculate the remainder when 1068007 is divided by 569.
563
Calculate the remainder when 88713 is divided by 1162.
401
What is the remainder when 9374607 is divided by 30?
27
What is the remainder when 4169290 is divided by 94756?
26
Calculate the remainder when 562447 is divided by 223.
41
What is the remainder when 136089 is divided by 134935?
1154
Calculate the remainder when 1552119 is divided by 2885.
2874
What is the remainder when 393846 is divided by 306?
24
Calculate the remainder when 278381 is divided by 10478.
5953
Calculate the remainder when 57446239 is divided by 182369.
4
Calculate the remainder when 665297 is divided by 126.
17
What is the remainder when 3438719 is divided by 8286?
29
What is the remainder when 5408783 is divided by 5408774?
9
Calculate the remainder when 2680786 is divided by 167.
102
What is the remainder when 452915 is divided by 51?
35
Calculate the remainder when 5796167 is divided by 28.
27
Calculate the remainder when 303510 is divided by 59339.
6815
What is the remainder when 1512450 is divided by 235?
225
Calculate the remainder when 1128026 is divided by 376008.
2
What is the remainder when 1622481 is divided by 330?
201
Calculate the remainder when 1433961 is divided by 1025.
1011
What is the remainder when 6623360 is divided by 1048?
0
What is the remainder when 1801210 is divided by 5682?
16
Calculate the remainder when 105916 is divided by 17349.
1822
Calculate the remainder when 228494 is divided by 228386.
108
Calculate the remainder when 1219991 is divided by 283.
261
What is the remainder when 87524959 is divided by 5834997?
4
Calculate the remainder when 47653 is divided by 3386.
249
Calculate the remainder when 157607107 is divided by 312.
307
What is the remainder when 758387 is divided by 151676?
7
What is the remainder when 10079493 is divided by 31?
29
Calculate the remainder when 1103835 is divided by 3716.
183
Calculate the remainder when 166134 is divided by 143.
111
What is the remainder when 31663452 is divided by 133601?
15
What is the remainder when 373752 is divided by 7?
1
What is the remainder when 3647939 is divided by 51377?
172
What is the remainder when 263144191 is divided by 2062?
2061
What is the remainder when 9021224 is divided by 85?
4
What is the remainder when 1154282 is divided by 288442?
514
Calculate the remainder when 13473 is divided by 346.
325
Calculate the remainder when 182115426 is divided by 44.
42
Calculate the remainder when 48460 is divided by 15962.
574
Calculate the remainder when 616145 is divided by 4.
1
What is the remainder when 7171 is divided by 723?
664
Calculate the remainder when 1242141 is divided by 1242129.
12
Calculate the remainder when 81562 is divided by 2696.
682
Calculate the remainder when 5049607 is divided by 420798.
31
Calculate the remainder when 16092 is divided by 780.
492
Calculate the remainder when 5201573 is divided by 371540.
13
Calculate the remainder when 105449072 is divided by 292.
280
Calculate the remainder when 36325712 is divided by 18162847.
18
What is the remainder when 4244005 is divided by 336?
325
Calculate the remainder when 950745 is divided by 2.
1
Calculate the remainder when 3002071 is divided by 1501027.
17
What is the remainder when 88751984 is divided by 147?
146
What is the remainder when 2139096 is divided by 2138841?
255
Calculate the remainder when 4137983 is divided by 32.
31
Calculate the remainder when 4211221 is divided by 701862.
49
Calculate the remainder when 46642065 is divided by 6663151.
8
What is the remainder when 431188 is divided by 6838?
394
What is the remainder when 212654 is divided by 16?
14
What is the remainder when 4034550 is divided by 2017271?
8
What is the remainder when 266657 is divided by 7423?
6852
Calculate the remainder when 74035 is divided by 470.
245
Calculate the remainder when 1331626 is divided by 11887.
282
What is the remainder when 109940 is divided by 27413?
288
Calculate the remainder when 609381 is divided by 2958.
33
What is the remainder when 4878781 is divided by 50?
31
Calculate the remainder when 92646860 is divided by 144.
140
What is the remainder when 1671340 is divided by 83?
52
What is the remainder when 23816 is divided by 1501?
1301
Calculate the remainder when 2821713 is divided by 1462.
53
What is the remainder when 9168536 is divided by 14?
6
Calculate the remainder when 318802 is divided by 7952.
722
Calculate the remainder when 4548748 is divided by 3301.
3271
What is the remainder when 14004253 is divided by 2476?
2473
Calculate the remainder when 78376149 is divided by 33.
27
What is the remainder when 13230 is divided by 2636?
50
What is the remainder when 89228 is divided by 761?
191
What is the remainder when 171096426 is divided by 42774103?
14
What is the remainder when 205868 is divided by 204788?
1080
What is the remainder when 2055638 is divided by 266?
256
What is the remainder when 159904 is divided by 390?
4
Calculate the remainder when 225794 is divided by 24.
2
Calculate the remainder when 418367 is divided by 46466.
173
What is the remainder when 49081 is divided by 5217?
2128
What is the remainder when 6785423 is divided by 1356?
1355
Calculate the remainder when 52581 is divided by 8710.
321
Calculate the remainder when 144076539 is divided by 38.
33
What is the remainder when 31422326 is divided by 240?
86
Calculate the remainder when 99339 is divided by 10999.
348
Calculate the remainder when 635321771 is divided by 1719.
1718
Calculate the remainder when 2052008 is divided by 3894.
3764
What is the remainder when 77074 is divided by 168?
130
Calculate the remainder when 1926162 is divided by 642048.
18
What is the remainder when 1083784 is divided by 22077?
2011
Calculate the remainder when 1820212 is divided by 317.
315
Calculate the remainder when 983243 is divided by 464.
27
What is the remainder when 11761596 is divided by 313?
308
What is the remainder when 936550 is divided by 117068?
6
What is the remainder when 72370905 is divided by 36?
33
Calculate the remainder when 1154 is divided by 1081.
73
Calculate the remainder when 3897150 is divided by 556735.
5
What is the remainder when 135492 is divided by 142?
24
What is the remainder when 45636 is divided by 1567?
193
Calculate the remainder when 16943038 is divided by 1080.
1078
What is the remainder when 18724 is divided by 368?
324
What is the remainder when 88773393 is divided by 29591126?
15
Calculate the remainder when 6717651 is divided by 23.
18
What is the remainder when 1137048 is divided by 379008?
24
Calculate the remainder when 6715525 is divided by 2459.
2455
What is the remainder when 115060 is divided by 11502?
40
What is the remainder when 61165 is divided by 5433?
1402
What is the remainder when 1260774 is divided by 35017?
162
Calculate the remainder when 9539096 is divided by 2672.
56
Calculate the remainder when 73529 is divided by 274.
97
What is the remainder when 3277983 is divided by 1237?
1170
Calculate the remainder when 83553 is divided by 120.
33
Calculate the remainder when 361222 is divided by 120403.
13
Calculate the remainder when 281941 is divided by 407.
297
Calculate the remainder when 114513 is divided by 19068.
105
Calculate the remainder when 59171 is divided by 173.
5
What is the remainder when 14043674 is divided by 582?
14
What is the remainder when 99480 is divided by 1108?
868
What is the remainder when 669396 is divided by 334462?
472
What is the remainder when 269846 is divided by 1957?
1737
What is the remainder when 7612 is divided by 7095?
517
Calculate the remainder when 15887637 is divided by 33589.
40
Calculate the remainder when 3351450 is divided by 837861.
6
What is the remainder when 2650191 is divided by 1208?
1047
Calculate the remainder when 31531961 is divided by 1535.
1526
Calculate the remainder when 12467 is divided by 2074.
23
What is the remai